{"id":4859,"date":"2017-01-20T18:44:20","date_gmt":"2017-01-20T18:44:20","guid":{"rendered":"http:\/\/parqueespana2.com.mx\/?page_id=8"},"modified":"2025-01-16T23:04:52","modified_gmt":"2025-01-16T23:04:52","slug":"historia","status":"publish","type":"page","link":"https:\/\/parqueespana2.com.mx\/?page_id=4859","title":{"rendered":"Historia"},"content":{"rendered":"\t\t<div data-elementor-type=\"wp-page\" data-elementor-id=\"4859\" class=\"elementor elementor-4859\" data-elementor-post-type=\"page\">\n\t\t\t\t<div class=\"elementor-element elementor-element-5d30070 e-flex e-con-boxed e-con e-parent\" data-id=\"5d30070\" data-element_type=\"container\" data-e-type=\"container\">\n\t\t\t\t\t<div class=\"e-con-inner\">\n\t\t\t\t<div class=\"elementor-element elementor-element-ceb12b4 elementor-widget elementor-widget-heading\" data-id=\"ceb12b4\" data-element_type=\"widget\" data-e-type=\"widget\" data-widget_type=\"heading.default\">\n\t\t\t\t<div class=\"elementor-widget-container\">\n\t\t\t\t\t<h2 class=\"elementor-heading-title elementor-size-default\">Historia<\/h2>\t\t\t\t<\/div>\n\t\t\t\t<\/div>\n\t\t\t\t\t<\/div>\n\t\t\t\t<\/div>\n\t\t<div class=\"elementor-element elementor-element-e2e0e15 e-flex e-con-boxed e-con e-parent\" data-id=\"e2e0e15\" data-element_type=\"container\" data-e-type=\"container\">\n\t\t\t\t\t<div class=\"e-con-inner\">\n\t\t\t\t<div class=\"elementor-element elementor-element-23ab625 elementor-widget__width-initial elementor-widget elementor-widget-image\" data-id=\"23ab625\" data-element_type=\"widget\" data-e-type=\"widget\" data-widget_type=\"image.default\">\n\t\t\t\t<div class=\"elementor-widget-container\">\n\t\t\t\t\t\t\t\t\t\t\t\t\t\t\t<img fetchpriority=\"high\" decoding=\"async\" width=\"311\" height=\"909\" src=\"https:\/\/parqueespana2.com.mx\/wp-content\/uploads\/2025\/01\/bcab92a5c8cf563f5d23951bc7754a97.png\" class=\"attachment-large size-large wp-image-6321\" alt=\"\" srcset=\"https:\/\/parqueespana2.com.mx\/wp-content\/uploads\/2025\/01\/bcab92a5c8cf563f5d23951bc7754a97.png 311w, https:\/\/parqueespana2.com.mx\/wp-content\/uploads\/2025\/01\/bcab92a5c8cf563f5d23951bc7754a97-103x300.png 103w\" sizes=\"(max-width: 311px) 100vw, 311px\" \/>\t\t\t\t\t\t\t\t\t\t\t\t\t\t\t<\/div>\n\t\t\t\t<\/div>\n\t\t\t\t<div class=\"elementor-element elementor-element-68010067 elementor-widget__width-initial elementor-widget elementor-widget-text-editor\" data-id=\"68010067\" data-element_type=\"widget\" data-e-type=\"widget\" data-widget_type=\"text-editor.default\">\n\t\t\t\t<div class=\"elementor-widget-container\">\n\t\t\t\t\t\t\t\t\t<p>Ante la creciente demanda de usuarios para el Parque Espa\u00f1a, la Sociedad Espa\u00f1ola de Beneficencia de Puebla, decide comprar el 14 de septiembre de 1990, un terreno con una superficie de 46,270 metros cuadrados, ubicado en el Carril a San Matinito Km. 1.5 en San Andr\u00e9s Cholula Puebla, firmando la escritura en esa misma fecha ante la notar\u00eda P\u00fablica No. 8. En 1991 se construye la barda perimetral del terreno. En 1992 se hacen las perforaciones para el pozo de agua con una profundidad de 200 metros. En 1993 se inicia la primera etapa de construcci\u00f3n del Deportivo Parque Espa\u00f1a II, abarcando dos canchas de front\u00f3n, 2 canchas de tenis y la cancha de f\u00fatbol. En 1994 se construye la arcada que da acceso a la zona de canchas y se inicia la siembra de \u00e1rboles en la zona jardinada.<\/p>\n<p>En 1995 se construyen 3 Squash. En 1996 y parte de 1997 se detiene la obra por problemas econ\u00f3micos, reinici\u00e1ndose la \u00faltima etapa en julio de 1997, contando para marzo de 1999 con todos los edificios terminados en obra negra y poco a poco construyendo el resto de la infraestructura de canchas deportivas y la primera etapa del estacionamiento. La preventa para ser usuario del Deportivo Parque Espa\u00f1a II se inici\u00f3 en Mayo de 1999 y el 29 de enero del 2000 se abri\u00f3 el Parque, contando con 6 canchas de tenis terminadas y el estadio de tenis, dos canchas de Font\u00f3n, tres canchas de Scuash, una parte del \u00e1rea infantil, \u00e1reas jardinadas y un circuito para ni\u00f1os. El 21 de enero del 2001 se llev\u00f3 acabo la apertura parcial de las instalaciones contando con albercas y vestidores de ni\u00f1os y ni\u00f1as como primera etapa.<\/p>\n<p>Actualmente el Deportivo cuenta con 5, 166 usuarios activos los cuales disfrutan de estacionamiento de dos niveles con capacidad para 300 autos, vest\u00edbulo, zona administrativa, m\u00f3dulo de credenciales, zona comercial, sanitarios generales, sala de descanso, auditorio con capacidad para 120 personas, guarder\u00eda con jard\u00edn para juegos, un polideportivo que alberga la cancha de B\u00e1squetbol con piso de pl\u00e1stico y medidas profesionales, grader\u00eda para 1,100 personas, vestidores para ambos equipos. Adem\u00e1s se cuenta con Gimnasio, un \u00e1rea para j\u00f3venes con terraza, juegos, fruter\u00eda y jugos. Vestidores para dama, caballero, ni\u00f1as y ni\u00f1os, lockers, regaderas con agua caliente, regaderas a presi\u00f3n, zonas de masaje, rusos, turco, vestidores, sanitarios, tocadores, pa\u00f1alera, una alberca grande un chapoteadero y un chapoteadero para beb\u00e9s, asoleadero, juegos infantiles, \u00e1rea de d\u00eda de campo, canchas de Paddel, cancha de f\u00fatbol r\u00e1pido, pista de atletismo, canchas de Squash, un \u00e1rea de b\u00e1squetbol abierto, canchas de tenis, un estadio de tenis, cancha de voleibol, canchas de Frontenis, \u00e1rea de calentamiento, juegos infantiles, enfermer\u00eda, cafeter\u00eda, cancha de f\u00fatbol con medidas reglamentarias y salones para usos m\u00faltiples.<\/p>\n<p>Deportivamente hablando contamos con clases de diversas disciplinas para usuarios de todas las edades que se llevan a cabo en las canchas del Deportivo y en los salones de usos m\u00faltiples. Se organizan torneos y competencias tanto con equipos internos como con equipos externos al deportivo.<\/p>\n<p>En cuanto a eventos culturales y sociales celebramos la Romer\u00eda de nuestra se\u00f1ora del Pilar, el d\u00eda del ni\u00f1o, curso de verano, posada con nacimiento viviente, cabalgata de reyes magos, pl\u00e1ticas, conferencias y cineclub con entrada libre estando siempre abiertos a las propuestas e inquietudes de nuestros socios.<\/p>\t\t\t\t\t\t\t\t<\/div>\n\t\t\t\t<\/div>\n\t\t\t\t\t<\/div>\n\t\t\t\t<\/div>\n\t\t<div class=\"elementor-element elementor-element-f646ae1 e-flex e-con-boxed e-con e-parent\" data-id=\"f646ae1\" data-element_type=\"container\" data-e-type=\"container\" id=\"directiva\">\n\t\t\t\t\t<div class=\"e-con-inner\">\n\t\t\t\t<div class=\"elementor-element elementor-element-7d5afbd elementor-widget__width-inherit elementor-widget elementor-widget-heading\" data-id=\"7d5afbd\" data-element_type=\"widget\" data-e-type=\"widget\" data-widget_type=\"heading.default\">\n\t\t\t\t<div class=\"elementor-widget-container\">\n\t\t\t\t\t<h2 class=\"elementor-heading-title elementor-size-default\">Directiva 2024<\/h2>\t\t\t\t<\/div>\n\t\t\t\t<\/div>\n\t\t\t\t<div class=\"elementor-element elementor-element-331ddd4 elementor-widget__width-initial elementor-widget elementor-widget-image\" data-id=\"331ddd4\" data-element_type=\"widget\" data-e-type=\"widget\" data-widget_type=\"image.default\">\n\t\t\t\t<div class=\"elementor-widget-container\">\n\t\t\t\t\t\t\t\t\t\t\t\t\t\t\t<img decoding=\"async\" width=\"800\" height=\"639\" src=\"https:\/\/parqueespana2.com.mx\/wp-content\/uploads\/2025\/01\/6cbb2e17cec1b144347c37455ea7eaa7.png\" class=\"attachment-large size-large wp-image-6320\" alt=\"\" srcset=\"https:\/\/parqueespana2.com.mx\/wp-content\/uploads\/2025\/01\/6cbb2e17cec1b144347c37455ea7eaa7.png 1024w, https:\/\/parqueespana2.com.mx\/wp-content\/uploads\/2025\/01\/6cbb2e17cec1b144347c37455ea7eaa7-300x240.png 300w, https:\/\/parqueespana2.com.mx\/wp-content\/uploads\/2025\/01\/6cbb2e17cec1b144347c37455ea7eaa7-768x614.png 768w\" sizes=\"(max-width: 800px) 100vw, 800px\" \/>\t\t\t\t\t\t\t\t\t\t\t\t\t\t\t<\/div>\n\t\t\t\t<\/div>\n\t\t\t\t<div class=\"elementor-element elementor-element-3e043c6 elementor-widget__width-initial elementor-widget-tablet__width-initial elementor-widget elementor-widget-text-editor\" data-id=\"3e043c6\" data-element_type=\"widget\" data-e-type=\"widget\" data-widget_type=\"text-editor.default\">\n\t\t\t\t<div class=\"elementor-widget-container\">\n\t\t\t\t\t\t\t\t\t<style>\nh6 {\n    margin-top: 14px;\n    margin-bottom: 0px;\n}\n<\/style>\n<h6><b>PRESIDENTE:<\/b><\/h6>\nDon Jos\u00e9 Antonio Gonz\u00e1lez Quijano\n<h6><b>SECRETARIO:<\/b><\/h6>\nDon Francisco Esteban Pedroche G\u00f3mez\n<h6><b>PROSECRETARIO:<\/b><\/h6>\nDon Leopoldo Rodr\u00edguez \u00c1lvarez\n<h6><b>TESORERO:<\/b><\/h6>\nDon David P\u00e9rez Hern\u00e1ndez\n<h6><b>PROTESORERO:<\/b><\/h6>\nDon Daniel Pichel Mart\u00ednez\n<h6><b>VOCAL DE DEPORTES:<\/b><\/h6>\nDon Tom\u00e1s Rubio Lavin\n<h6><b>VOCAL DE FESTEJOS:<\/b><\/h6>\nDon Jos\u00e9 Mar\u00eda Alonso Zurita\n<h6><b>VOCAL DE CULTURA:<\/b><\/h6>\nDon Juli\u00e1n Guillermo Herrero Fern\u00e1ndez\n<h6><b>GERENTE DE RELACIONES P\u00daBLICAS:<\/b><\/h6>\nFernando Atan\u00e9 de Prada\n<h6><b>RELACIONES P\u00daBLICAS:<\/b>\u2028fatane@parqueespana2.com.mx<\/h6>\n<h6><b>DIRECCI\u00d3N GENERAL:<\/b>\u2028lotero@parqueespana2.com.mx<\/h6>\t\t\t\t\t\t\t\t<\/div>\n\t\t\t\t<\/div>\n\t\t\t\t\t<\/div>\n\t\t\t\t<\/div>\n\t\t\t\t<\/div>\n\t\t","protected":false},"excerpt":{"rendered":"<p>Historia Ante la creciente demanda de usuarios para el Parque Espa\u00f1a, la Sociedad Espa\u00f1ola de Beneficencia de Puebla, decide comprar el 14 de septiembre de 1990, un terreno con una superficie de 46,270 metros cuadrados, ubicado en el Carril a San Matinito Km. 1.5 en San Andr\u00e9s Cholula Puebla, firmando la escritura en esa misma [&hellip;]<\/p>\n","protected":false},"author":2,"featured_media":0,"parent":0,"menu_order":0,"comment_status":"closed","ping_status":"closed","template":"","meta":{"footnotes":""},"class_list":["post-4859","page","type-page","status-publish","hentry"],"_links":{"self":[{"href":"https:\/\/parqueespana2.com.mx\/index.php?rest_route=\/wp\/v2\/pages\/4859","targetHints":{"allow":["GET"]}}],"collection":[{"href":"https:\/\/parqueespana2.com.mx\/index.php?rest_route=\/wp\/v2\/pages"}],"about":[{"href":"https:\/\/parqueespana2.com.mx\/index.php?rest_route=\/wp\/v2\/types\/page"}],"author":[{"embeddable":true,"href":"https:\/\/parqueespana2.com.mx\/index.php?rest_route=\/wp\/v2\/users\/2"}],"replies":[{"embeddable":true,"href":"https:\/\/parqueespana2.com.mx\/index.php?rest_route=%2Fwp%2Fv2%2Fcomments&post=4859"}],"version-history":[{"count":24,"href":"https:\/\/parqueespana2.com.mx\/index.php?rest_route=\/wp\/v2\/pages\/4859\/revisions"}],"predecessor-version":[{"id":6523,"href":"https:\/\/parqueespana2.com.mx\/index.php?rest_route=\/wp\/v2\/pages\/4859\/revisions\/6523"}],"wp:attachment":[{"href":"https:\/\/parqueespana2.com.mx\/index.php?rest_route=%2Fwp%2Fv2%2Fmedia&parent=4859"}],"curies":[{"name":"wp","href":"https:\/\/api.w.org\/{rel}","templated":true}]}}

<div data-elementor-type="wp-page" data-elementor-id="4859" class="elementor elementor-4859" data-elementor-post-type="page">
				<div class="elementor-element elementor-element-5d30070 e-flex e-con-boxed e-con e-parent" data-id="5d30070" data-element_type="container" data-e-type="container">
					<div class="e-con-inner">
				<div class="elementor-element elementor-element-ceb12b4 elementor-widget elementor-widget-heading" data-id="ceb12b4" data-element_type="widget" data-e-type="widget" data-widget_type="heading.default">
				<div class="elementor-widget-container">
					<h2 class="elementor-heading-title elementor-size-default">Historia</h2>				</div>
				</div>
					</div>
				</div>
		<div class="elementor-element elementor-element-e2e0e15 e-flex e-con-boxed e-con e-parent" data-id="e2e0e15" data-element_type="container" data-e-type="container">
					<div class="e-con-inner">
				<div class="elementor-element elementor-element-23ab625 elementor-widget__width-initial elementor-widget elementor-widget-image" data-id="23ab625" data-element_type="widget" data-e-type="widget" data-widget_type="image.default">
				<div class="elementor-widget-container">
															<img fetchpriority="high" decoding="async" width="311" height="909" src="https://parqueespana2.com.mx/wp-content/uploads/2025/01/bcab92a5c8cf563f5d23951bc7754a97.png" class="attachment-large size-large wp-image-6321" alt="" srcset="https://parqueespana2.com.mx/wp-content/uploads/2025/01/bcab92a5c8cf563f5d23951bc7754a97.png 311w, https://parqueespana2.com.mx/wp-content/uploads/2025/01/bcab92a5c8cf563f5d23951bc7754a97-103x300.png 103w" sizes="(max-width: 311px) 100vw, 311px" />															</div>
				</div>
				<div class="elementor-element elementor-element-68010067 elementor-widget__width-initial elementor-widget elementor-widget-text-editor" data-id="68010067" data-element_type="widget" data-e-type="widget" data-widget_type="text-editor.default">
				<div class="elementor-widget-container">
									<p>Ante la creciente demanda de usuarios para el Parque España, la Sociedad Española de Beneficencia de Puebla, decide comprar el 14 de septiembre de 1990, un terreno con una superficie de 46,270 metros cuadrados, ubicado en el Carril a San Matinito Km. 1.5 en San Andrés Cholula Puebla, firmando la escritura en esa misma fecha ante la notaría Pública No. 8. En 1991 se construye la barda perimetral del terreno. En 1992 se hacen las perforaciones para el pozo de agua con una profundidad de 200 metros. En 1993 se inicia la primera etapa de construcción del Deportivo Parque España II, abarcando dos canchas de frontón, 2 canchas de tenis y la cancha de fútbol. En 1994 se construye la arcada que da acceso a la zona de canchas y se inicia la siembra de árboles en la zona jardinada.</p>
<p>En 1995 se construyen 3 Squash. En 1996 y parte de 1997 se detiene la obra por problemas económicos, reiniciándose la última etapa en julio de 1997, contando para marzo de 1999 con todos los edificios terminados en obra negra y poco a poco construyendo el resto de la infraestructura de canchas deportivas y la primera etapa del estacionamiento. La preventa para ser usuario del Deportivo Parque España II se inició en Mayo de 1999 y el 29 de enero del 2000 se abrió el Parque, contando con 6 canchas de tenis terminadas y el estadio de tenis, dos canchas de Fontón, tres canchas de Scuash, una parte del área infantil, áreas jardinadas y un circuito para niños. El 21 de enero del 2001 se llevó acabo la apertura parcial de las instalaciones contando con albercas y vestidores de niños y niñas como primera etapa.</p>
<p>Actualmente el Deportivo cuenta con 5, 166 usuarios activos los cuales disfrutan de estacionamiento de dos niveles con capacidad para 300 autos, vestíbulo, zona administrativa, módulo de credenciales, zona comercial, sanitarios generales, sala de descanso, auditorio con capacidad para 120 personas, guardería con jardín para juegos, un polideportivo que alberga la cancha de Básquetbol con piso de plástico y medidas profesionales, gradería para 1,100 personas, vestidores para ambos equipos. Además se cuenta con Gimnasio, un área para jóvenes con terraza, juegos, frutería y jugos. Vestidores para dama, caballero, niñas y niños, lockers, regaderas con agua caliente, regaderas a presión, zonas de masaje, rusos, turco, vestidores, sanitarios, tocadores, pañalera, una alberca grande un chapoteadero y un chapoteadero para bebés, asoleadero, juegos infantiles, área de día de campo, canchas de Paddel, cancha de fútbol rápido, pista de atletismo, canchas de Squash, un área de básquetbol abierto, canchas de tenis, un estadio de tenis, cancha de voleibol, canchas de Frontenis, área de calentamiento, juegos infantiles, enfermería, cafetería, cancha de fútbol con medidas reglamentarias y salones para usos múltiples.</p>
<p>Deportivamente hablando contamos con clases de diversas disciplinas para usuarios de todas las edades que se llevan a cabo en las canchas del Deportivo y en los salones de usos múltiples. Se organizan torneos y competencias tanto con equipos internos como con equipos externos al deportivo.</p>
<p>En cuanto a eventos culturales y sociales celebramos la Romería de nuestra señora del Pilar, el día del niño, curso de verano, posada con nacimiento viviente, cabalgata de reyes magos, pláticas, conferencias y cineclub con entrada libre estando siempre abiertos a las propuestas e inquietudes de nuestros socios.</p>								</div>
				</div>
					</div>
				</div>
		<div class="elementor-element elementor-element-f646ae1 e-flex e-con-boxed e-con e-parent" data-id="f646ae1" data-element_type="container" data-e-type="container" id="directiva">
					<div class="e-con-inner">
				<div class="elementor-element elementor-element-7d5afbd elementor-widget__width-inherit elementor-widget elementor-widget-heading" data-id="7d5afbd" data-element_type="widget" data-e-type="widget" data-widget_type="heading.default">
				<div class="elementor-widget-container">
					<h2 class="elementor-heading-title elementor-size-default">Directiva 2024</h2>				</div>
				</div>
				<div class="elementor-element elementor-element-331ddd4 elementor-widget__width-initial elementor-widget elementor-widget-image" data-id="331ddd4" data-element_type="widget" data-e-type="widget" data-widget_type="image.default">
				<div class="elementor-widget-container">
															<img decoding="async" width="800" height="639" src="https://parqueespana2.com.mx/wp-content/uploads/2025/01/6cbb2e17cec1b144347c37455ea7eaa7.png" class="attachment-large size-large wp-image-6320" alt="" srcset="https://parqueespana2.com.mx/wp-content/uploads/2025/01/6cbb2e17cec1b144347c37455ea7eaa7.png 1024w, https://parqueespana2.com.mx/wp-content/uploads/2025/01/6cbb2e17cec1b144347c37455ea7eaa7-300x240.png 300w, https://parqueespana2.com.mx/wp-content/uploads/2025/01/6cbb2e17cec1b144347c37455ea7eaa7-768x614.png 768w" sizes="(max-width: 800px) 100vw, 800px" />															</div>
				</div>
				<div class="elementor-element elementor-element-3e043c6 elementor-widget__width-initial elementor-widget-tablet__width-initial elementor-widget elementor-widget-text-editor" data-id="3e043c6" data-element_type="widget" data-e-type="widget" data-widget_type="text-editor.default">
				<div class="elementor-widget-container">
									<style>
h6 {
    margin-top: 14px;
    margin-bottom: 0px;
}
</style>
<h6><b>PRESIDENTE:</b></h6>
Don José Antonio González Quijano
<h6><b>SECRETARIO:</b></h6>
Don Francisco Esteban Pedroche Gómez
<h6><b>PROSECRETARIO:</b></h6>
Don Leopoldo Rodríguez Álvarez
<h6><b>TESORERO:</b></h6>
Don David Pérez Hernández
<h6><b>PROTESORERO:</b></h6>
Don Daniel Pichel Martínez
<h6><b>VOCAL DE DEPORTES:</b></h6>
Don Tomás Rubio Lavin
<h6><b>VOCAL DE FESTEJOS:</b></h6>
Don José María Alonso Zurita
<h6><b>VOCAL DE CULTURA:</b></h6>
Don Julián Guillermo Herrero Fernández
<h6><b>GERENTE DE RELACIONES PÚBLICAS:</b></h6>
Fernando Atané de Prada
<h6><b>RELACIONES PÚBLICAS:</b> fatane@parqueespana2.com.mx</h6>
<h6><b>DIRECCIÓN GENERAL:</b> lotero@parqueespana2.com.mx</h6>								</div>
				</div>
					</div>
				</div>
				</div>

<p>Historia Ante la creciente demanda de usuarios para el Parque España, la Sociedad Española de Beneficencia de Puebla, decide comprar el 14 de septiembre de 1990, un terreno con una superficie de 46,270 metros cuadrados, ubicado en el Carril a San Matinito Km. 1.5 en San Andrés Cholula Puebla, firmando la escritura en esa misma [&hellip;]</p>
